s 11621374997 a composite number?
False
Is 1978541833 a prime number?
False
Is 254057669 a composite number?
False
Is 172157897 a prime number?
True
Is 1871608621 a prime number?
True
Is 283908074911 a composite number?
False
Is 775573441 composite?
True
Is 2984284757 a prime number?
True
Is 2526125057 composite?
True
Is 10921691098 prime?
False
Is 17581826551 a composite number?
True
Is 672660535 prime?
False
Is 1954201111 composite?
False
Is 2655648779 a composite number?
True
Is 9716815153 a prime number?
False
Is 42228917233 prime?
False
Is 3023242799 prime?
True
Is 39140361877 prime?
True
Is 338874941 composite?
True
Is 1859340173 prime?
True
Is 2098689869 prime?
True
Is 173065931 a composite number?
False
Is 3102718777 a prime number?
True
Is 17188593671 prime?
True
Is 3764866073 a composite number?
False
Is 34708401569 a composite number?
False
Is 2390290549 composite?
True
Is 63307345403 a prime number?
True
Is 8779451 composite?
False
Is 23966484107 a composite number?
True
Is 1656766513 prime?
True
Is 21916080211 a prime number?
True
Is 61993941769 prime?
False
Is 6202099049 composite?
False
Is 5653382558 a composite number?
True
Is 71127141887 prime?
True
Is 5429780579 prime?
False
Is 2145339751 composite?
False
Is 118126007 composite?
False
Is 847282883 a prime number?
True
Is 60961179533 prime?
False
Is 2367331621 a prime number?
True
Is 9323930489 composite?
False
Is 13905959167 a prime number?
True
Is 269949287 composite?
False
Is 568970747 a composite number?
False
Is 74370936263 composite?
True
Is 10146477919 a prime number?
True
Is 31789786957 a prime number?
False
Is 57701051 prime?
True
Is 852236309 composite?
False
Is 760396229 composite?
False
Is 106432200997 prime?
True
Is 24002435407 composite?
False
Is 20734357379 composite?
False
Is 7320934853 composite?
False
Is 42779200987 prime?
True
Is 12241834817 a composite number?
True
Is 719513791 prime?
False
Is 63997777 a prime number?
False
Is 11870087309 prime?
True
Is 3803766215 a composite number?
True
Is 4159918991 a prime number?
False
Is 15779558427 a prime number?
False
Is 2828395291 composite?
True
Is 568409053 prime?
True
Is 4433671171 a composite number?
True
Is 6277759 a composite number?
True
Is 2279398397 a prime number?
False
Is 32055041923 prime?
False
Is 87856386833 a composite number?
True
Is 14061550577 a prime number?
True
Is 24539251087 composite?
True
Is 667655561 a prime number?
False
Is 964121101 a composite number?
False
Is 5097718349 composite?
True
Is 30801178201 a prime number?
True
Is 1033620337 a composite number?
True
Is 113748981 a composite number?
True
Is 325354867723 a prime number?
True
Is 862208791 a composite number?
False
Is 640497089 a composite number?
True
Is 6765613859 a composite number?
True
Is 11311347067 composite?
False
Is 4191245111 a prime number?
True
Is 5698142623 a prime number?
True
Is 150416907 a composite number?
True
Is 14604897341 prime?
True
Is 62152260337 a composite number?
False
Is 43421839567 composite?
False
Is 214550617 a prime number?
True
Is 1957445533 a prime number?
True
Is 69350810357 a prime number?
True
Is 77344841113 composite?
False
Is 65538530393 a composite number?
True
Is 3707177 prime?
False
Is 20974982603 composite?
False
Is 16108960591 a prime number?
False
Is 45263185519 a prime number?
True
Is 854134663 composite?
False
Is 137825138909 a composite number?
False
Is 198022035659 a composite number?
True
Is 1055542421 a prime number?
True
Is 16845932029 a prime number?
True
Is 1534568587 composite?
False
Is 2399773741 prime?
True
Is 617960443 a prime number?
False
Is 8330086931 a prime number?
True
Is 29649071363 a prime number?
True
Is 795690997 prime?
True
Is 8200721203 prime?
True
Is 2086427818 composite?
True
Is 1122595403 composite?
False
Is 181095991927 prime?
True
Is 809960953 a prime number?
True
Is 51456764113 prime?
True
Is 729516797 a prime number?
False
Is 189658974545 a prime number?
False
Is 2189835003 composite?
True
Is 10899283463 prime?
True
Is 65166481 a composite number?
False
Is 25587119237 a composite number?
True
Is 6746241977 a prime number?
False
Is 60063413483 a prime number?
True
Is 71555184577 composite?
False
Is 3072612223 prime?
False
Is 17381184409 a composite number?
False
Is 61580633 prime?
True
Is 4404605371 composite?
False
Is 451571759 a prime number?
False
Is 39511056173 prime?
True
Is 1610000653 a composite number?
False
Is 30559355279 a prime number?
True
Is 5611901993 prime?
True
Is 839886739 prime?
True
Is 28227032221 composite?
False
Is 2017531757 a composite number?
True
Is 2003191481 a composite number?
True
Is 10615085057 a composite number?
False
Is 1287807667 a prime number?
True
Is 2810191777 prime?
True
Is 39528091 composite?
False
Is 22633661 composite?
True
Is 4795153529 a composite number?
False
Is 5764981 a prime number?
False
Is 204015219563 composite?
True
Is 89528503667 a composite number?
False
Is 5762834863 a composite number?
False
Is 12439521937 a prime number?
False
Is 11706390217 a composite number?
False
Is 1146433751 a composite number?
True
Is 2596258487 a composite number?
True
Is 19590472051 composite?
True
Is 13025757521 a composite number?
True
Is 1519103567 a composite number?
False
Is 5141939879 a composite number?
False
Is 45469964647 composite?
False
Is 2044321327 prime?
False
Is 13849131953 a prime number?
False
Is 48527464571 composite?
False
Is 929470811 prime?
True
Is 55473131 prime?
False
Is 3391159559 prime?
False
Is 188829527 composite?
True
Is 1986373967 a prime number?
True
Is 172677500857 composite?
False
Is 166413187043 a prime number?
True
Is 30548696579 prime?
True
Is 3133601189 prime?
False
Is 3369929 a composite number?
False
Is 27585263773 prime?
True
Is 1300421117 a prime number?
True
Is 5838450421 a prime number?
False
Is 5939694431 prime?
False
Is 7541027815 a prime number?
False
Is 3103978981 prime?
True
Is 9499581671 composite?
True
Is 398549077 composite?
False
Is 102827557681 a composite number?
True
Is 100561278619 composite?
True
Is 3626036039 a prime number?
True
Is 129006872921 a composite number?
False
Is 3524709533 prime?
True
Is 10515815159 prime?
True
Is 2253725317 a prime number?
False
Is 150693659 prime?
True
Is 481422434 prime?
False
Is 13956885739 composite?
False
Is 181494991627 prime?
False
Is 121459571641 a composite number?
False
Is 10231914443 a composite number?
False
Is 15402253649 prime?
False
Is 93475628699 a prime number?
True
Is 162971294023 prime?
True
Is 1597000463 a prime number?
True
Is 20563093781 a prime number?
False
Is 13357286171 a composite number?
True
Is 318411570391 a prime number?
True
Is 59326591693 composite?
False
Is 618967639 a prime number?
True
Is 179332499597 composite?
False
Is 1303321603 composite?
False
Is 651635983461 a prime number?
False
Is 12551924569 a prime number?
False
Is 154290356639 a prime number?
True
Is 19972316761 a composite number?
False
Is 92953697099 prime?
True
Is 12850749607 a prime number?
True
Is 139912571 a prime number?
True
Is 611826947 prime?
False
Is 1446967987 composite?
False
Is 25200308461 a composite number?
True
Is 409833517 prime?
False
Is 1470673361 a prime number?
True
Is 516806699 prime?
False
Is 2435537231 a composite number?
False
Is 7350622883 prime?
True
Is 22159573483 a composite number?
True
Is 2738074507 a composite number?
True
Is 240830063 a prime number?
False
Is 25697937883 a prime number?
True
Is 7777446737 a composite number?
False
Is 43243570199 composite?
True
Is 21462131 prime?
True
Is 1928407963 composite?
False
Is 6751942601 a composite number?
False
Is 1720615549 a prime number?
True
Is 2597145643 prime?
True
Is 9295590037 composite?
False
Is 300699853 prime?
False
Is 8892201223 a prime number?
True
Is 21461883101 a prime number?
True
Is 9185363569 a prime number?
True
Is 3216420309 a composite number?
True
Is 2083562269 a composite number?
True
Is 6928097539 a composite number?
True
Is 5712032401 composite?
True
Is 13217874587 composite?
False
Is 545059709 a prime number?
True
Is 777276767 a composite number?
True
Is 12860549477 a composite number?
False
Is 220284121 prime?
False
Is 16097865341 composite?
False
Is 83075831 prime?
False
Is 4925488583 a composite number?
True
Is 16595472149 a prime n